{"id":6,"date":"2011-10-07T12:59:13","date_gmt":"2011-10-07T12:59:13","guid":{"rendered":"http:\/\/mormonengeschichte-de.de.elds.org\/?page_id=6"},"modified":"2012-05-26T07:59:22","modified_gmt":"2012-05-26T07:59:22","slug":"vorwort","status":"publish","type":"page","link":"https:\/\/de.elds.org\/mormonengeschichte-de\/vorwort","title":{"rendered":"Vorwort"},"content":{"rendered":"<p>Auf Einladung von Pr\u00e4sident Dieter F. Uchtdorf und der Gebietspr\u00e4sidentschaft haben Elder Lynn Hansen und seine Frau Faith die Aufgabe erhalten, deutsche Mitglieder zu interviewen, die den Zweiten Weltkrieg und die Nachkriegszeit miterlebt haben. So wurden \u00fcber 330 Interviews gef\u00fchrt, aus denen dieser Bericht entstanden ist.<\/p>\n<p>Die Sammlung von Lebensgeschichten der Heiligen in Deutschland, die im Krieg und unter der Diktatur unglaubliche Not durchgestanden haben, ist wahrhaftig ein kostbarer Schatz. Je mehr wir dar\u00fcber lesen und erfahren, desto mehr wird uns bewusst, was f\u00fcr ein Verm\u00e4chtnis unsere V\u00e4ter uns hinterlassen haben und was sie geopfert haben. Wir erfahren, wie sie in schwierigen Zeiten ihren B\u00fcndnissen treu geblieben sind. Ihrem Glauben und ihrem Eifer hat die Kirche in Deutschland ihre heutige Stellung zu verdanken.<\/p>\n<p>Wie sagte Elder Ballard? \u201eDer Glaube, der die Pioniere des Jahres 1847 und auch die Pioniere in anderen L\u00e4ndern antrieb, war ein einfacher Glaube, der in den grundlegenden Lehren des wiederhergestellten Evangeliums verankert war, von dem sie wussten, dass es wahr war.<em> <\/em>&#8230; Wie die Pioniere, die uns vorausgegangen sind, werden wir lernen, dass wir nur durch Glauben \u2013 <em>wirklichen<\/em> Glauben, der aus tiefster Seele kommt und gepr\u00fcft und erprobt wurde \u2013 auf unserem gefahrvollen Lebensweg Sicherheit und Zuversicht finden.\u201c (Elder M. Russell Ballard, \u201eSie brauchen sich vor der Reise nicht zu f\u00fcrchten\u201c, <em>Der Stern<\/em>, Juli 1997, Seite 60f.)<\/p>\n<p>Lassen Sie uns von unseren Pionieren lernen. Nehmen wir uns ihren Glauben und ihr Beispiel zu Herzen, und gehen wir dann im selben Geiste voran, um die Pioniere der uns nachfolgenden Generationen zu werden. Eines Tages werden sich die Prophezeiungen erf\u00fcllen und die Kirche in Deutschland wird ein Fanal sein, das stark und unverkennbar leuchtet.<\/p>\n<p>Erich Kopischke<br \/>\nGebietspr\u00e4sident<\/p>\n<p>&nbsp;<\/p>\n<p><a href=\"http:\/\/de.elds.org\/mormonengeschichte-de\/files\/2011\/10\/Lynn-Faith-HansenSm1.jpg\"><img fetchpriority=\"high\" fetchpriority=\"high\" decoding=\"async\" class=\"alignright size-full wp-image-82\" title=\"Lynn und Faith Hansen\" src=\"http:\/\/de.elds.org\/mormonengeschichte-de\/files\/2011\/10\/Lynn-Faith-HansenSm1.jpg\" alt=\"\" width=\"200\" height=\"268\" \/><\/a>Es war uns eine gro\u00dfe Ehre und Freude mit \u00fcber 330 Mitgliedern der Kirche Jesu Christi der Heiligen der Letzten Tage, in Deutschland, \u00d6sterreich und der Schweiz, zu sprechen und ihre Geschichten aufzunehmen. Es sind traurige, aber auch wunderbare Geschichten und Zeugnisse, die ein Teil der Kirchengeschichte sind. Hierin finden wir eine andere Art von Pionieren, wie die, die im Salzseetal gelandet sind. Sie sind genauso Pioniere wie damals.<\/p>\n<p>Sie haben den Zweiten Weltkrieg und die schwierigen Zeiten danach durchmachen m\u00fcssen, oft unter sehr schlimmen Umst\u00e4nden. F\u00fcr die deutsch sprechende Jugend d\u00fcrften sie Vorbilder und Helden sein.<\/p>\n<p>Ohne die Hilfe von Dienstmissionaren, die von ihren Pfahlpr\u00e4sidenten berufen wurden, w\u00e4re diese Sammlung von m\u00fcndlichen Geschichten nicht m\u00f6glich gewesen. Mit Dankbarkeit und Anerkennung f\u00fcr Ihre Arbeit m\u00f6chten wir den folgenden Missionaren, die von Anfang an mit uns gearbeitet, und uns unterst\u00fctzt haben, danken. Es sind: Erika Vollath, Dagmar Ei\u00dfler-Rauh, Gerda und Harald Klein.<\/p>\n<p>Als wir uns dem Ende dieses Projekts n\u00e4herten, haben uns folgende Geschwister auch viel geholfen, wof\u00fcr wir gerne unseren Dank sagen m\u00f6chten. Es sind: Erika Heymann, Monika Maichel, Rosemarie Drese, Alina G\u00e4bler und Lothar Brzezicha.<\/p>\n<p>Elder Lynn and Sister Faith Hansen<br \/>\nFriedrichsdorf, Juni 2009<\/p>\n","protected":false},"excerpt":{"rendered":"<p>Auf Einladung von Pr\u00e4sident Dieter F. Uchtdorf und der Gebietspr\u00e4sidentschaft haben Elder Lynn Hansen und seine Frau Faith die Aufgabe erhalten, deutsche Mitglieder zu interviewen, die den Zweiten Weltkrieg und die Nachkriegszeit miterlebt haben. So wurden \u00fcber 330 Interviews gef\u00fchrt, aus denen dieser Bericht entstanden ist. Die Sammlung von Lebensgeschichten der Heiligen in Deutschland, die [&hellip;]<\/p>\n","protected":false},"author":1,"featured_media":0,"parent":0,"menu_order":1,"comment_status":"open","ping_status":"closed","template":"","meta":{"_et_pb_use_builder":"","_et_pb_old_content":"","_et_gb_content_width":"","_monsterinsights_skip_tracking":false,"_monsterinsights_sitenote_active":false,"_monsterinsights_sitenote_note":"","_monsterinsights_sitenote_category":0,"footnotes":""},"class_list":["post-6","page","type-page","status-publish","hentry"],"yoast_head":"<!-- This site is optimized with the Yoast SEO plugin v27.4 - https:\/\/yoast.com\/product\/yoast-seo-wordpress\/ -->\n<title>Vorwort - Mormonengeschichte<\/title>\n<meta name=\"robots\" content=\"index, follow, max-snippet:-1, max-image-preview:large, max-video-preview:-1\" \/>\n<link rel=\"canonical\" href=\"https:\/\/de.elds.org\/mormonengeschichte-de\/vorwort\" \/>\n<meta property=\"og:locale\" content=\"de_DE\" \/>\n<meta property=\"og:type\" content=\"article\" \/>\n<meta property=\"og:title\" content=\"Vorwort - Mormonengeschichte\" \/>\n<meta property=\"og:description\" content=\"Auf Einladung von Pr\u00e4sident Dieter F. Uchtdorf und der Gebietspr\u00e4sidentschaft haben Elder Lynn Hansen und seine Frau Faith die Aufgabe erhalten, deutsche Mitglieder zu interviewen, die den Zweiten Weltkrieg und die Nachkriegszeit miterlebt haben. So wurden \u00fcber 330 Interviews gef\u00fchrt, aus denen dieser Bericht entstanden ist. Die Sammlung von Lebensgeschichten der Heiligen in Deutschland, die [&hellip;]\" \/>\n<meta property=\"og:url\" content=\"https:\/\/de.elds.org\/mormonengeschichte-de\/vorwort\" \/>\n<meta property=\"og:site_name\" content=\"Mormonengeschichte\" \/>\n<meta property=\"article:modified_time\" content=\"2012-05-26T07:59:22+00:00\" \/>\n<meta property=\"og:image\" content=\"http:\/\/de.elds.org\/mormonengeschichte-de\/files\/2011\/10\/Lynn-Faith-HansenSm1.jpg\" \/>\n<meta name=\"twitter:card\" content=\"summary_large_image\" \/>\n<meta name=\"twitter:label1\" content=\"Gesch\u00e4tzte Lesezeit\" \/>\n\t<meta name=\"twitter:data1\" content=\"2 Minuten\" \/>\n<script type=\"application\/ld+json\" class=\"yoast-schema-graph\">{\"@context\":\"https:\\\/\\\/schema.org\",\"@graph\":[{\"@type\":\"WebPage\",\"@id\":\"https:\\\/\\\/de.elds.org\\\/mormonengeschichte-de\\\/vorwort\",\"url\":\"https:\\\/\\\/de.elds.org\\\/mormonengeschichte-de\\\/vorwort\",\"name\":\"Vorwort - Mormonengeschichte\",\"isPartOf\":{\"@id\":\"https:\\\/\\\/de.elds.org\\\/mormonengeschichte-de\\\/#website\"},\"primaryImageOfPage\":{\"@id\":\"https:\\\/\\\/de.elds.org\\\/mormonengeschichte-de\\\/vorwort#primaryimage\"},\"image\":{\"@id\":\"https:\\\/\\\/de.elds.org\\\/mormonengeschichte-de\\\/vorwort#primaryimage\"},\"thumbnailUrl\":\"http:\\\/\\\/de.elds.org\\\/mormonengeschichte-de\\\/files\\\/2011\\\/10\\\/Lynn-Faith-HansenSm1.jpg\",\"datePublished\":\"2011-10-07T12:59:13+00:00\",\"dateModified\":\"2012-05-26T07:59:22+00:00\",\"breadcrumb\":{\"@id\":\"https:\\\/\\\/de.elds.org\\\/mormonengeschichte-de\\\/vorwort#breadcrumb\"},\"inLanguage\":\"de-AT\",\"potentialAction\":[{\"@type\":\"ReadAction\",\"target\":[\"https:\\\/\\\/de.elds.org\\\/mormonengeschichte-de\\\/vorwort\"]}]},{\"@type\":\"ImageObject\",\"inLanguage\":\"de-AT\",\"@id\":\"https:\\\/\\\/de.elds.org\\\/mormonengeschichte-de\\\/vorwort#primaryimage\",\"url\":\"http:\\\/\\\/de.elds.org\\\/mormonengeschichte-de\\\/files\\\/2011\\\/10\\\/Lynn-Faith-HansenSm1.jpg\",\"contentUrl\":\"http:\\\/\\\/de.elds.org\\\/mormonengeschichte-de\\\/files\\\/2011\\\/10\\\/Lynn-Faith-HansenSm1.jpg\"},{\"@type\":\"BreadcrumbList\",\"@id\":\"https:\\\/\\\/de.elds.org\\\/mormonengeschichte-de\\\/vorwort#breadcrumb\",\"itemListElement\":[{\"@type\":\"ListItem\",\"position\":1,\"name\":\"Home\",\"item\":\"https:\\\/\\\/de.elds.org\\\/mormonengeschichte-de\\\/\"},{\"@type\":\"ListItem\",\"position\":2,\"name\":\"Vorwort\"}]},{\"@type\":\"WebSite\",\"@id\":\"https:\\\/\\\/de.elds.org\\\/mormonengeschichte-de\\\/#website\",\"url\":\"https:\\\/\\\/de.elds.org\\\/mormonengeschichte-de\\\/\",\"name\":\"Mormonengeschichte\",\"description\":\"\",\"potentialAction\":[{\"@type\":\"SearchAction\",\"target\":{\"@type\":\"EntryPoint\",\"urlTemplate\":\"https:\\\/\\\/de.elds.org\\\/mormonengeschichte-de\\\/?s={search_term_string}\"},\"query-input\":{\"@type\":\"PropertyValueSpecification\",\"valueRequired\":true,\"valueName\":\"search_term_string\"}}],\"inLanguage\":\"de-AT\"}]}<\/script>\n<!-- \/ Yoast SEO plugin. -->","yoast_head_json":{"title":"Vorwort - Mormonengeschichte","robots":{"index":"index","follow":"follow","max-snippet":"max-snippet:-1","max-image-preview":"max-image-preview:large","max-video-preview":"max-video-preview:-1"},"canonical":"https:\/\/de.elds.org\/mormonengeschichte-de\/vorwort","og_locale":"de_DE","og_type":"article","og_title":"Vorwort - Mormonengeschichte","og_description":"Auf Einladung von Pr\u00e4sident Dieter F. Uchtdorf und der Gebietspr\u00e4sidentschaft haben Elder Lynn Hansen und seine Frau Faith die Aufgabe erhalten, deutsche Mitglieder zu interviewen, die den Zweiten Weltkrieg und die Nachkriegszeit miterlebt haben. So wurden \u00fcber 330 Interviews gef\u00fchrt, aus denen dieser Bericht entstanden ist. Die Sammlung von Lebensgeschichten der Heiligen in Deutschland, die [&hellip;]","og_url":"https:\/\/de.elds.org\/mormonengeschichte-de\/vorwort","og_site_name":"Mormonengeschichte","article_modified_time":"2012-05-26T07:59:22+00:00","og_image":[{"url":"http:\/\/de.elds.org\/mormonengeschichte-de\/files\/2011\/10\/Lynn-Faith-HansenSm1.jpg","type":"","width":"","height":""}],"twitter_card":"summary_large_image","twitter_misc":{"Gesch\u00e4tzte Lesezeit":"2 Minuten"},"schema":{"@context":"https:\/\/schema.org","@graph":[{"@type":"WebPage","@id":"https:\/\/de.elds.org\/mormonengeschichte-de\/vorwort","url":"https:\/\/de.elds.org\/mormonengeschichte-de\/vorwort","name":"Vorwort - Mormonengeschichte","isPartOf":{"@id":"https:\/\/de.elds.org\/mormonengeschichte-de\/#website"},"primaryImageOfPage":{"@id":"https:\/\/de.elds.org\/mormonengeschichte-de\/vorwort#primaryimage"},"image":{"@id":"https:\/\/de.elds.org\/mormonengeschichte-de\/vorwort#primaryimage"},"thumbnailUrl":"http:\/\/de.elds.org\/mormonengeschichte-de\/files\/2011\/10\/Lynn-Faith-HansenSm1.jpg","datePublished":"2011-10-07T12:59:13+00:00","dateModified":"2012-05-26T07:59:22+00:00","breadcrumb":{"@id":"https:\/\/de.elds.org\/mormonengeschichte-de\/vorwort#breadcrumb"},"inLanguage":"de-AT","potentialAction":[{"@type":"ReadAction","target":["https:\/\/de.elds.org\/mormonengeschichte-de\/vorwort"]}]},{"@type":"ImageObject","inLanguage":"de-AT","@id":"https:\/\/de.elds.org\/mormonengeschichte-de\/vorwort#primaryimage","url":"http:\/\/de.elds.org\/mormonengeschichte-de\/files\/2011\/10\/Lynn-Faith-HansenSm1.jpg","contentUrl":"http:\/\/de.elds.org\/mormonengeschichte-de\/files\/2011\/10\/Lynn-Faith-HansenSm1.jpg"},{"@type":"BreadcrumbList","@id":"https:\/\/de.elds.org\/mormonengeschichte-de\/vorwort#breadcrumb","itemListElement":[{"@type":"ListItem","position":1,"name":"Home","item":"https:\/\/de.elds.org\/mormonengeschichte-de\/"},{"@type":"ListItem","position":2,"name":"Vorwort"}]},{"@type":"WebSite","@id":"https:\/\/de.elds.org\/mormonengeschichte-de\/#website","url":"https:\/\/de.elds.org\/mormonengeschichte-de\/","name":"Mormonengeschichte","description":"","potentialAction":[{"@type":"SearchAction","target":{"@type":"EntryPoint","urlTemplate":"https:\/\/de.elds.org\/mormonengeschichte-de\/?s={search_term_string}"},"query-input":{"@type":"PropertyValueSpecification","valueRequired":true,"valueName":"search_term_string"}}],"inLanguage":"de-AT"}]}},"_links":{"self":[{"href":"https:\/\/de.elds.org\/mormonengeschichte-de\/wp-json\/wp\/v2\/pages\/6","targetHints":{"allow":["GET"]}}],"collection":[{"href":"https:\/\/de.elds.org\/mormonengeschichte-de\/wp-json\/wp\/v2\/pages"}],"about":[{"href":"https:\/\/de.elds.org\/mormonengeschichte-de\/wp-json\/wp\/v2\/types\/page"}],"author":[{"embeddable":true,"href":"https:\/\/de.elds.org\/mormonengeschichte-de\/wp-json\/wp\/v2\/users\/1"}],"replies":[{"embeddable":true,"href":"https:\/\/de.elds.org\/mormonengeschichte-de\/wp-json\/wp\/v2\/comments?post=6"}],"version-history":[{"count":12,"href":"https:\/\/de.elds.org\/mormonengeschichte-de\/wp-json\/wp\/v2\/pages\/6\/revisions"}],"predecessor-version":[{"id":1422,"href":"https:\/\/de.elds.org\/mormonengeschichte-de\/wp-json\/wp\/v2\/pages\/6\/revisions\/1422"}],"wp:attachment":[{"href":"https:\/\/de.elds.org\/mormonengeschichte-de\/wp-json\/wp\/v2\/media?parent=6"}],"curies":[{"name":"wp","href":"https:\/\/api.w.org\/{rel}","templated":true}]}}